{"id":512,"date":"2019-11-22T12:15:37","date_gmt":"2019-11-22T11:15:37","guid":{"rendered":"http:\/\/s355038028.online.de\/?page_id=512"},"modified":"2019-12-18T19:43:50","modified_gmt":"2019-12-18T18:43:50","slug":"damen-2","status":"publish","type":"page","link":"https:\/\/gau-krumbach.de\/?page_id=512","title":{"rendered":"Damen"},"content":{"rendered":"\n<p><a href=\"https:\/\/gau-krumbach.de\/wp-content\/uploads\/2019\/11\/GDS_2008.pdf\">Gau-Damenschie\u00dfen 2008<\/a><\/p>\n\n\n\n<p><a href=\"https:\/\/gau-krumbach.de\/wp-content\/uploads\/2019\/11\/GDS_2011.pdf\">Gau-Damenschie\u00dfen 2011<\/a><\/p>\n\n\n\n<p><a href=\"https:\/\/gau-krumbach.de\/wp-content\/uploads\/2019\/11\/GDS_2012.pdf\">Gau-Damenschie\u00dfen 2012<\/a><\/p>\n\n\n\n<p><a href=\"https:\/\/gau-krumbach.de\/wp-content\/uploads\/2019\/11\/GDS_2013.pdf\">Gau-Damenschie\u00dfen 2013<\/a><\/p>\n\n\n\n<p><\/p>\n","protected":false},"excerpt":{"rendered":"<p>Gau-Damenschie\u00dfen 2008 Gau-Damenschie\u00dfen 2011 Gau-Damenschie\u00dfen 2012 Gau-Damenschie\u00dfen 2013<\/p>\n","protected":false},"author":1,"featured_media":0,"parent":0,"menu_order":0,"comment_status":"closed","ping_status":"closed","template":"","meta":[],"_links":{"self":[{"href":"https:\/\/gau-krumbach.de\/index.php?rest_route=\/wp\/v2\/pages\/512"}],"collection":[{"href":"https:\/\/gau-krumbach.de\/index.php?rest_route=\/wp\/v2\/pages"}],"about":[{"href":"https:\/\/gau-krumbach.de\/index.php?rest_route=\/wp\/v2\/types\/page"}],"author":[{"embeddable":true,"href":"https:\/\/gau-krumbach.de\/index.php?rest_route=\/wp\/v2\/users\/1"}],"replies":[{"embeddable":true,"href":"https:\/\/gau-krumbach.de\/index.php?rest_route=%2Fwp%2Fv2%2Fcomments&post=512"}],"version-history":[{"count":4,"href":"https:\/\/gau-krumbach.de\/index.php?rest_route=\/wp\/v2\/pages\/512\/revisions"}],"predecessor-version":[{"id":907,"href":"https:\/\/gau-krumbach.de\/index.php?rest_route=\/wp\/v2\/pages\/512\/revisions\/907"}],"wp:attachment":[{"href":"https:\/\/gau-krumbach.de\/index.php?rest_route=%2Fwp%2Fv2%2Fmedia&parent=512"}],"curies":[{"name":"wp","href":"https:\/\/api.w.org\/{rel}","templated":true}]}}