{"id":4,"date":"2019-11-06T12:37:41","date_gmt":"2019-11-06T12:37:41","guid":{"rendered":"http:\/\/s355038028.online.de\/willkommen-auf-http-s355038028-online-de"},"modified":"2023-12-17T13:44:27","modified_gmt":"2023-12-17T12:44:27","slug":"willkommen-auf-http-s355038028-online-de","status":"publish","type":"page","link":"https:\/\/gau-krumbach.de\/?page_id=4","title":{"rendered":"Willkommen auf der Seite des Gaues  Krumbach"},"content":{"rendered":"\n<div class=\"wp-block-image\"><figure class=\"alignright is-resized\"><img loading=\"lazy\" src=\"http:\/\/s355038028.online.de\/wp-content\/uploads\/2019\/11\/Logo_Gausch\u00fctzen_Krumbach-1024x1024.jpg\" alt=\"\" class=\"wp-image-23\" width=\"211\" height=\"211\" srcset=\"https:\/\/gau-krumbach.de\/wp-content\/uploads\/2019\/11\/Logo_Gausch\u00fctzen_Krumbach-1024x1024.jpg 1024w, https:\/\/gau-krumbach.de\/wp-content\/uploads\/2019\/11\/Logo_Gausch\u00fctzen_Krumbach-150x150.jpg 150w, https:\/\/gau-krumbach.de\/wp-content\/uploads\/2019\/11\/Logo_Gausch\u00fctzen_Krumbach-300x300.jpg 300w, https:\/\/gau-krumbach.de\/wp-content\/uploads\/2019\/11\/Logo_Gausch\u00fctzen_Krumbach-768x768.jpg 768w, https:\/\/gau-krumbach.de\/wp-content\/uploads\/2019\/11\/Logo_Gausch\u00fctzen_Krumbach-160x160.jpg 160w, https:\/\/gau-krumbach.de\/wp-content\/uploads\/2019\/11\/Logo_Gausch\u00fctzen_Krumbach-320x320.jpg 320w\" sizes=\"(max-width: 211px) 100vw, 211px\" \/><\/figure><\/div>\n\n\n\n<p><\/p>\n\n\n\n<p class=\"has-large-font-size\"><strong>Aktuelles\/ Neuigkeiten<\/strong><\/p>\n\n\n\n<p class=\"has-large-font-size\">Gedankenken zum Jahreswechsel<\/p>\n\n\n\n<p>Auf das, was Bestand hat.<br>Die Zeit, so lehrte Einstein die Menschen,<br>ist was Relatives. Das mag auch im normalen<br>Leben gelten: Dem einen geht heute vieles<br>zu schnell, dem anderen kann es nicht<br>Schnell genug gehen. Was am Ende alle eint,<br>ist der Rhythmus dessen, was Bestand hat.<br>Bei allem Wandel und bei aller Ver\u00e4nderung im<br>\u00c4u\u00dferen und Inneren soll es uns wichtig sein,<br>das Kurzlebige vom Dauerhaften unterscheiden<br>zu lernen. Wir wollen den Blick auf das richten,<br>was Bestand hat. Die Menschen, die f\u00fcr uns<br>da sind \u2013 und f\u00fcr die wir da sind.<br>Die Geduld f\u00fcr einander, die verl\u00e4sslichen.<br>Beziehungen, die sich nicht von der Eile<br>des Lebens \u00fcberrennen lassen.<br>All die Dinge also, auf die man z\u00e4hlen kann<br>wie auf die Jahreszeiten. Die Natur zeigt uns mit<br>sch\u00f6ner Regelm\u00e4\u00dfigkeit, wie gut sich das<br>Konstante und die Ver\u00e4nderung vertragen k\u00f6nnen.<br>Das Wetter mag sich ver\u00e4ndern, der innere<br>Rhythmus der Jahreszeiten wird bleiben.<br>Es lohnt sich, das nicht zu vergessen.<br>Ich w\u00fcnsche euch und euren Familien all die Dinge,<br>die f\u00fcr euch Bestand haben sollen:<br>Gesundheit, Zufriedenheit, Gl\u00fcck \u2013 und nat\u00fcrlich<br>auch den n\u00f6tigen Erfolg f\u00fcr das neue Jahr 2024<br>Frohe Weihnachten.<br>Euer 1. Gausch\u00fctzenmeister<br>Helmut Konrad<br>Nattenhausen; Dezember 2023<\/p>\n\n\n\n<p><\/p>\n","protected":false},"excerpt":{"rendered":"<p>Aktuelles\/ Neuigkeiten Gedankenken zum Jahreswechsel Auf das, was Bestand hat.Die Zeit, so lehrte Einstein die Menschen,ist was Relatives. Das mag auch im normalenLeben gelten: Dem einen geht heute vieleszu schnell, dem anderen kann es&#46;&#46;&#46;<\/p>\n","protected":false},"author":1,"featured_media":0,"parent":0,"menu_order":0,"comment_status":"closed","ping_status":"open","template":"","meta":[],"_links":{"self":[{"href":"https:\/\/gau-krumbach.de\/index.php?rest_route=\/wp\/v2\/pages\/4"}],"collection":[{"href":"https:\/\/gau-krumbach.de\/index.php?rest_route=\/wp\/v2\/pages"}],"about":[{"href":"https:\/\/gau-krumbach.de\/index.php?rest_route=\/wp\/v2\/types\/page"}],"author":[{"embeddable":true,"href":"https:\/\/gau-krumbach.de\/index.php?rest_route=\/wp\/v2\/users\/1"}],"replies":[{"embeddable":true,"href":"https:\/\/gau-krumbach.de\/index.php?rest_route=%2Fwp%2Fv2%2Fcomments&post=4"}],"version-history":[{"count":4,"href":"https:\/\/gau-krumbach.de\/index.php?rest_route=\/wp\/v2\/pages\/4\/revisions"}],"predecessor-version":[{"id":1548,"href":"https:\/\/gau-krumbach.de\/index.php?rest_route=\/wp\/v2\/pages\/4\/revisions\/1548"}],"wp:attachment":[{"href":"https:\/\/gau-krumbach.de\/index.php?rest_route=%2Fwp%2Fv2%2Fmedia&parent=4"}],"curies":[{"name":"wp","href":"https:\/\/api.w.org\/{rel}","templated":true}]}}