{"id":147,"date":"2019-11-12T19:45:53","date_gmt":"2019-11-12T18:45:53","guid":{"rendered":"http:\/\/s355038028.online.de\/?page_id=147"},"modified":"2024-06-27T09:27:19","modified_gmt":"2024-06-27T08:27:19","slug":"bildergalerie","status":"publish","type":"page","link":"https:\/\/gau-krumbach.de\/?page_id=147","title":{"rendered":"Bildergalerie"},"content":{"rendered":"\n<p><a href=\"https:\/\/gau-krumbach.de\/wp-content\/uploads\/Teilnehmer-am-Sommerbiathlon-2024-scaled.jpg\" data-type=\"URL\" data-id=\"https:\/\/gau-krumbach.de\/wp-content\/uploads\/Teilnehmer-am-Sommerbiathlon-2024-scaled.jpg\">Teilnehmer Sommerbiathlon 2024<\/a><\/p>\n\n\n\n<p><\/p>\n\n\n\n<div class=\"wp-block-nextend-smartslider3\">[smartslider3 slider=&#8221;2&#8243;]<\/div>\n\n\n\n<figure class=\"wp-block-image size-large\"><img loading=\"lazy\" width=\"1024\" height=\"683\" src=\"https:\/\/gau-krumbach.de\/wp-content\/uploads\/Ehrungen-2019_2-1024x683.jpg\" alt=\"\" class=\"wp-image-1001\" srcset=\"https:\/\/gau-krumbach.de\/wp-content\/uploads\/Ehrungen-2019_2-1024x683.jpg 1024w, https:\/\/gau-krumbach.de\/wp-content\/uploads\/Ehrungen-2019_2-300x200.jpg 300w, https:\/\/gau-krumbach.de\/wp-content\/uploads\/Ehrungen-2019_2-768x512.jpg 768w, https:\/\/gau-krumbach.de\/wp-content\/uploads\/Ehrungen-2019_2-391x260.jpg 391w, https:\/\/gau-krumbach.de\/wp-content\/uploads\/Ehrungen-2019_2-1536x1024.jpg 1536w, https:\/\/gau-krumbach.de\/wp-content\/uploads\/Ehrungen-2019_2-2048x1365.jpg 2048w\" sizes=\"(max-width: 1024px) 100vw, 1024px\" \/><figcaption>Ehrungen bei der Gauversammlung am 31.10.2019<br>v.l. Franz Bonk (2. Gausch\u00fctzenmeister), Werner Deuring, Helmut Konrad (1. Gausch\u00fctzenmeister)Herbert Sauter, Gisela Thoma, Hermine Hirschmann,Alexander B\u00e4cker,Andrea Seitz, Michael Rittler, Manfred N\u00f6lp, Claudio Fischer, Ursula Weinberger, Christian Kreuzer, Martin Maier,<br>Stefan Kreuzer, Peter Schneider, Petre Konrad, Martin Niederreiner, 2. B\u00fcrgermeister Gerhard Wei\u00df, Thonas Schneider, Dominik Blau<\/figcaption><\/figure>\n\n\n\n<p><a href=\"https:\/\/gau-krumbach.de\/wp-content\/uploads\/03_20221031_213827-1-scaled.jpg\">Ehrungen zur Gauversammlung 2023<\/a><\/p>\n","protected":false},"excerpt":{"rendered":"<p>Teilnehmer Sommerbiathlon 2024 Ehrungen zur Gauversammlung 2023<\/p>\n","protected":false},"author":1,"featured_media":0,"parent":0,"menu_order":0,"comment_status":"closed","ping_status":"closed","template":"","meta":[],"_links":{"self":[{"href":"https:\/\/gau-krumbach.de\/index.php?rest_route=\/wp\/v2\/pages\/147"}],"collection":[{"href":"https:\/\/gau-krumbach.de\/index.php?rest_route=\/wp\/v2\/pages"}],"about":[{"href":"https:\/\/gau-krumbach.de\/index.php?rest_route=\/wp\/v2\/types\/page"}],"author":[{"embeddable":true,"href":"https:\/\/gau-krumbach.de\/index.php?rest_route=\/wp\/v2\/users\/1"}],"replies":[{"embeddable":true,"href":"https:\/\/gau-krumbach.de\/index.php?rest_route=%2Fwp%2Fv2%2Fcomments&post=147"}],"version-history":[{"count":7,"href":"https:\/\/gau-krumbach.de\/index.php?rest_route=\/wp\/v2\/pages\/147\/revisions"}],"predecessor-version":[{"id":2059,"href":"https:\/\/gau-krumbach.de\/index.php?rest_route=\/wp\/v2\/pages\/147\/revisions\/2059"}],"wp:attachment":[{"href":"https:\/\/gau-krumbach.de\/index.php?rest_route=%2Fwp%2Fv2%2Fmedia&parent=147"}],"curies":[{"name":"wp","href":"https:\/\/api.w.org\/{rel}","templated":true}]}}

<p><a href="https://gau-krumbach.de/wp-content/uploads/Teilnehmer-am-Sommerbiathlon-2024-scaled.jpg" data-type="URL" data-id="https://gau-krumbach.de/wp-content/uploads/Teilnehmer-am-Sommerbiathlon-2024-scaled.jpg">Teilnehmer Sommerbiathlon 2024</a></p>



<p></p>



<div class="wp-block-nextend-smartslider3">[smartslider3 slider=&#8221;2&#8243;]</div>



<figure class="wp-block-image size-large"><img loading="lazy" width="1024" height="683" src="https://gau-krumbach.de/wp-content/uploads/Ehrungen-2019_2-1024x683.jpg" alt="" class="wp-image-1001" srcset="https://gau-krumbach.de/wp-content/uploads/Ehrungen-2019_2-1024x683.jpg 1024w, https://gau-krumbach.de/wp-content/uploads/Ehrungen-2019_2-300x200.jpg 300w, https://gau-krumbach.de/wp-content/uploads/Ehrungen-2019_2-768x512.jpg 768w, https://gau-krumbach.de/wp-content/uploads/Ehrungen-2019_2-391x260.jpg 391w, https://gau-krumbach.de/wp-content/uploads/Ehrungen-2019_2-1536x1024.jpg 1536w, https://gau-krumbach.de/wp-content/uploads/Ehrungen-2019_2-2048x1365.jpg 2048w" sizes="(max-width: 1024px) 100vw, 1024px" /><figcaption>Ehrungen bei der Gauversammlung am 31.10.2019<br>v.l. Franz Bonk (2. Gauschützenmeister), Werner Deuring, Helmut Konrad (1. Gauschützenmeister)Herbert Sauter, Gisela Thoma, Hermine Hirschmann,Alexander Bäcker,Andrea Seitz, Michael Rittler, Manfred Nölp, Claudio Fischer, Ursula Weinberger, Christian Kreuzer, Martin Maier,<br>Stefan Kreuzer, Peter Schneider, Petre Konrad, Martin Niederreiner, 2. Bürgermeister Gerhard Weiß, Thonas Schneider, Dominik Blau</figcaption></figure>



<p><a href="https://gau-krumbach.de/wp-content/uploads/03_20221031_213827-1-scaled.jpg">Ehrungen zur Gauversammlung 2023</a></p>
