{"id":131,"date":"2019-11-12T19:45:53","date_gmt":"2019-11-12T18:45:53","guid":{"rendered":"http:\/\/s355038028.online.de\/?page_id=131"},"modified":"2024-02-07T11:05:21","modified_gmt":"2024-02-07T10:05:21","slug":"unsere-vereine","status":"publish","type":"page","link":"https:\/\/gau-krumbach.de\/?page_id=131","title":{"rendered":"Unsere Vereine"},"content":{"rendered":"\n<table class=\" alignleft\" style=\"border-collapse: collapse; width: 100%; height: 1075px;\">\n<tbody>\n<tr style=\"height: 23px;\">\n<td style=\"width: 20%; height: 23px;\"><strong>Vereinsnummer<\/strong><\/td>\n<td style=\"width: 47.0969%; height: 23px;\"><strong>Vereinsname<\/strong><\/td>\n<td style=\"width: 32.9031%; height: 23px;\"><strong>Ansprechperson<\/strong><\/td>\n<\/tr>\n<tr style=\"height: 23px;\">\n<td style=\"width: 20%; text-align: center; height: 23px; border-style: solid; border-color: #000000;\">711001<\/td>\n<td style=\"width: 47.0969%; height: 23px; border-style: solid; border-color: #000000;\"><a href=\"http:\/\/www.sv-aichen.com\">SV Aichen e.V.<\/a><\/td>\n<td style=\"width: 32.9031%; height: 23px; border-style: solid; border-color: #000000;\"><a href=\"mailto:711001.schuetzenmeister@gau-krumbach.de\">Smetana Peter<\/a><\/td>\n<\/tr>\n<tr style=\"height: 23px;\">\n<td style=\"width: 20%; text-align: center; height: 23px; border-style: solid; border-color: #000000;\">711002<\/td>\n<td style=\"width: 47.0969%; height: 23px; border-style: solid; border-color: #000000;\"><a href=\"http:\/\/www.schlossbergschuetzen-aletshausen.de\">Schlo\u00dfbergsch\u00fctzen Aletshausen 1887 e.V.<\/a><\/td>\n<td style=\"width: 32.9031%; height: 23px; border-style: solid; border-color: #000000;\"><a href=\"mailto:711002.schuetzenmeister@gau-krumbach.de\">Schwegler Gabriele<\/a><\/td>\n<\/tr>\n<tr style=\"height: 23px;\">\n<td style=\"width: 20%; text-align: center; height: 23px; border-style: solid; border-color: #000000;\">711003<\/td>\n<td style=\"width: 47.0969%; height: 23px; border-style: solid; border-color: #000000;\">SV Edelwei\u00df Attenhausen e.V.<\/td>\n<td style=\"width: 32.9031%; height: 23px; border-style: solid; border-color: #000000;\"><a href=\"mailto:711003.schuetzenmeister&lt;at&gt;gau-krumbach.de\">Strobel Andreas<\/a><\/td>\n<\/tr>\n<tr style=\"height: 23px;\">\n<td style=\"width: 20%; text-align: center; height: 23px; border-style: solid; border-color: #000000;\">711004<\/td>\n<td style=\"width: 47.0969%; height: 23px; border-style: solid; border-color: #000000;\"><a href=\"http:\/\/www.schuetzenverein-balzhausen.de\">SV Sch\u00fctzenblut Balzhausen e.V.<\/a><\/td>\n<td style=\"width: 32.9031%; height: 23px; border-style: solid; border-color: #000000;\"><a href=\"mailto:711004.schuetzenmeister&lt;at&gt;gau-krumbach.de\">Graf Franz<\/a><\/td>\n<\/tr>\n<tr style=\"height: 23px;\">\n<td style=\"width: 20%; text-align: center; height: 25px; border-style: solid; border-color: #000000;\">711005<\/td>\n<td style=\"width: 47.0969%; height: 25px; border-style: solid; border-color: #000000;\">SV Bayersried-Ursberg-Premach e.V.<\/td>\n<td style=\"width: 32.9031%; height: 25px; border-style: solid; border-color: #000000;\"><a href=\"mailto:rwk@gau-krumbach.de\">Torsten K\u00fchl<\/a><\/td>\n<\/tr>\n<tr style=\"height: 23px;\">\n<td style=\"width: 20%; text-align: center; height: 23px; border-style: solid; border-color: #000000;\">711006<\/td>\n<td style=\"width: 47.0969%; height: 23px; border-style: solid; border-color: #000000;\">SV Hermann L\u00f6ns Behlingen-Ried e.V.<\/td>\n<td style=\"width: 32.9031%; height: 23px; border-style: solid; border-color: #000000;\"><a href=\"mailto:711006.schuetzenmeister@gau-krumbach.de\">Bernhard Berger<\/a><\/td>\n<\/tr>\n<tr style=\"height: 90px;\">\n<td style=\"width: 20%; height: 90px; border-style: solid; border-color: #000000; text-align: center;\">711007<\/td>\n<td style=\"width: 47.0969%; height: 90px; border-style: solid; border-color: #000000;\"><a href=\"http:\/\/www.schuetzenverein-billenhausen.de\">SV. Billenhausen e.V.<\/a><\/td>\n<td style=\"width: 32.9031%; height: 90px; border-style: solid; border-color: #000000; vertical-align: middle;\">\n<p><a href=\"mailto:711007.schuetzenmeister@gau-krumbach.de\">Bj\u00f6rn-Arne Schmitz<\/a><\/p>\n<p><a href=\"mailto:711007.schuetzenmeister@gau-krumbach.de\">Hermann Thalhofer<\/a><\/p>\n<p><a href=\"mailto:711007.schuetzenmeister@gau-krumbach.de\">Joris Hennings<\/a><\/p>\n<\/td>\n<\/tr>\n<tr style=\"height: 21px;\">\n<td style=\"width: 20%; height: 21px; border-style: solid; border-color: #000000; text-align: center;\">711008<\/td>\n<td style=\"width: 47.0969%; height: 21px; border-style: solid; border-color: #000000;\"><a href=\"http:\/\/www.schuetzenverein-breitenthal.de\">SV 1886 Breitenthal e.V.<\/a><\/td>\n<td style=\"width: 32.9031%; height: 21px; border-style: solid; border-color: #000000;\"><a href=\"mailto:711008.schuetzenmeister@gau-krumbach.de\">Jehle Hermann<\/a><\/td>\n<\/tr>\n<tr style=\"height: 10px;\">\n<td style=\"width: 20%; height: 10px; border-style: solid; border-color: #000000; text-align: center;\">711009<\/td>\n<td style=\"width: 47.0969%; height: 10px; border-style: solid; border-color: #000000; text-align: left;\">Burger Bergsch\u00fctzen 1933 e.V.<\/td>\n<td style=\"width: 32.9031%; height: 10px; border-color: #050505; border-style: solid; text-align: left;\">\n<p><a href=\"mailto:711009.schuetzenmeister@gau-krumbach.de\">Natalie Bartsch<\/a><\/p>\n<\/td>\n<\/tr>\n<tr style=\"height: 23px;\">\n<td style=\"width: 20%; height: 23px; text-align: center; border-style: solid; border-color: #000000;\">711010<\/td>\n<td style=\"width: 47.0969%; height: 23px; border-style: solid; border-color: #000000;\"><a href=\"http:\/\/www.deisenhausen.de\">SV J\u00e4gerblut Deisenhausen e.V.<\/a><\/td>\n<td style=\"width: 32.9031%; height: 23px; border-style: solid; border-color: #000000;\"><a href=\"mailto:711010.schuetzenmeister@gau-krumbach.de\">H\u00f6ld Helmut<\/a><\/td>\n<\/tr>\n<tr style=\"height: 23px;\">\n<td style=\"width: 20%; height: 23px; border-style: solid; border-color: #000000; text-align: center;\">711011<\/td>\n<td style=\"width: 47.0969%; height: 23px; border-style: solid; border-color: #000000;\"><a href=\"https:\/\/www.schuetzenverein-ebershausen.de\/\" class=\"broken_link\">SV Ebershausen-Seifertshofen e.V.<\/a><\/td>\n<td style=\"width: 32.9031%; height: 23px; border-style: solid; border-color: #000000;\"><a href=\"mailto:711011.schuetzenmeister@gau-krumbach.de\">Claudia Albrecht-Beggel<\/a><\/td>\n<\/tr>\n<tr style=\"height: 23px;\">\n<td style=\"width: 20%; height: 23px; border-style: solid; border-color: #000000; text-align: center;\">711012<\/td>\n<td style=\"width: 47.0969%; height: 23px; border-style: solid; border-color: #000000;\">SV Gem\u00fctlichkeit Edenhausen<\/td>\n<td style=\"width: 32.9031%; height: 23px; border-style: solid; border-color: #000000;\"><a href=\"mailto:711012.schuetzenmeister@gau-krumbach.de\">Sch\u00fctz Michael<\/a><\/td>\n<\/tr>\n<tr style=\"height: 23px;\">\n<td style=\"width: 20%; height: 23px; border-style: solid; border-color: #000000; text-align: center;\">711013<\/td>\n<td style=\"width: 47.0969%; height: 23px; border-style: solid; border-color: #000000;\">SV Hubertus 1926 Ellzee e.V.<\/td>\n<td style=\"width: 32.9031%; height: 23px; border-style: solid; border-color: #000000;\"><a href=\"mailto:711013.schuetzenmeister@gau-krumbach.de\">Rittler Michael<\/a><\/td>\n<\/tr>\n<tr style=\"height: 23px;\">\n<td style=\"width: 20%; height: 24px; border-style: solid; border-color: #000000; text-align: center;\">711015<\/td>\n<td style=\"width: 47.0969%; height: 24px; border-style: solid; border-color: #000000;\">Hubertussch\u00fctzen Haupeltshofen e.V.<\/td>\n<td style=\"width: 32.9031%; height: 24px; border-style: solid; border-color: #000000;\"><a href=\"mailto:711015.schuetzenmeister@gau-krumbach.de\">Rampp Martina<\/a><\/td>\n<\/tr>\n<tr style=\"height: 23px;\">\n<td style=\"width: 20%; border-style: solid; border-color: #000000; height: 23px; text-align: center;\">711016<\/td>\n<td style=\"width: 47.0969%; border-style: solid; border-color: #000000; height: 23px;\">SV Auerhahn Hohenraunau e.V.<\/td>\n<td style=\"width: 32.9031%; border-style: solid; border-color: #000000; height: 23px;\"><a href=\"mailto:711016.schuetzenmeister@gau-krumbach.de\">Kiederle Christian<\/a><\/td>\n<\/tr>\n<tr style=\"height: 23px;\">\n<td style=\"width: 20%; border-style: solid; border-color: #000000; height: 23px; text-align: center;\">711017<\/td>\n<td style=\"width: 47.0969%; border-style: solid; border-color: #000000; height: 23px;\"><a href=\"https:\/\/www.sb-krumbach.de\">Sch\u00fctzenbund Krumbach e.V.<\/a><\/td>\n<td style=\"width: 32.9031%; border-style: solid; border-color: #000000; height: 23px;\"><a href=\"mailto:711017.schuetzenmeister@gau-krumbach.de\">Egner Rainer<\/a><\/td>\n<\/tr>\n<tr style=\"height: 23px;\">\n<td style=\"width: 20%; border-style: solid; border-color: #000000; height: 23px; text-align: center;\">711018<\/td>\n<td style=\"width: 47.0969%; border-style: solid; border-color: #000000; height: 23px;\">SV Wilhelm Tell Langenhaslach e.V.<\/td>\n<td style=\"width: 32.9031%; border-style: solid; border-color: #000000; height: 23px;\"><a href=\"mailto:711018.schuetzenmeister@gau-krumbach.de\">Zimmer Stefan<\/a><\/td>\n<\/tr>\n<tr style=\"height: 23px;\">\n<td style=\"width: 20%; border-style: solid; border-color: #000000; height: 23px; text-align: center;\">711019<\/td>\n<td style=\"width: 47.0969%; border-style: solid; border-color: #000000; height: 23px;\">SV Alpenrose Memmenhausen e.V.<\/td>\n<td style=\"width: 32.9031%; border-style: solid; border-color: #000000; height: 23px;\"><a href=\"mailto:711019.schuetzenmeister@gau-krumbach.de\">Niederreiner Martin<\/a><\/td>\n<\/tr>\n<tr style=\"height: 23px;\">\n<td style=\"width: 20%; border-style: solid; border-color: #000000; height: 23px; text-align: center;\">711020<\/td>\n<td style=\"width: 47.0969%; border-style: solid; border-color: #000000; height: 23px;\"><a href=\"https:\/\/de-de.facebook.com\/pages\/category\/Nonprofit-Organization\/Sch%C3%BCtzenverein-Lichtenau-Mindelzell-eV-154421511284897\/\" class=\"broken_link\">SV Lichtenau Mindelzell e.V.<\/a><\/td>\n<td style=\"width: 32.9031%; border-style: solid; border-color: #000000; height: 23px;\"><a href=\"711020.schuetzenmeister@gau.krumbach.de\">Schiefele Matthias<\/a><\/td>\n<\/tr>\n<tr style=\"height: 23px;\">\n<td style=\"width: 20%; height: 23px; border-style: solid; border-color: #000000; text-align: center;\">711021<\/td>\n<td style=\"width: 47.0969%; height: 23px; border-style: solid; border-color: #000000;\">SV Edelwei\u00df M\u00fcnsterhausen e.V.<\/td>\n<td style=\"width: 32.9031%; height: 23px; border-style: solid; border-color: #000000;\"><a href=\"mailto:711021.schuetzenmeister@gau-krumbach.de\">B\u00f6ck Walter<\/a><\/td>\n<\/tr>\n<tr style=\"height: 23px;\">\n<td style=\"width: 20%; height: 23px; border-style: solid; border-color: #000000; text-align: center;\">711022<\/td>\n<td style=\"width: 47.0969%; height: 23px; border-style: solid; border-color: #000000;\">SV Nattenhausen e.V.<\/td>\n<td style=\"width: 32.9031%; height: 23px; border-style: solid; border-color: #000000;\">\n<p><a href=\"mailto:711022.schuetzenmeister@gau-krumbach.de\">Bartussek Johannes<\/a><\/p>\n<p>G\u00e4nzer Tobias<\/p>\n<p>Konrad Manuela<\/p>\n<\/td>\n<\/tr>\n<tr style=\"height: 23px;\">\n<td style=\"width: 20%; height: 23px; border-style: solid; border-color: #000000; text-align: center;\">711023<\/td>\n<td style=\"width: 47.0969%; height: 23px; border-style: solid; border-color: #000000;\">Burgsch\u00fctzen Neuburg e.V.<\/td>\n<td style=\"width: 32.9031%; height: 23px; border-style: solid; border-color: #000000;\"><a href=\"mailto:711023.schuetzenmeister@gau-krumbach.de\">Zecha Christian<\/a><\/td>\n<\/tr>\n<tr style=\"height: 23px;\">\n<td style=\"width: 20%; height: 23px; border-style: solid; border-color: #000000; text-align: center;\">711024<\/td>\n<td style=\"width: 47.0969%; height: 23px; border-style: solid; border-color: #000000;\">SV Hubertus Niederraunau<\/td>\n<td style=\"width: 32.9031%; height: 23px; border-style: solid; border-color: #000000;\"><a href=\"mailto:711024.schuetzenmeister@gau-krumbach.de\">Schr\u00f6tter Elmar<\/a><\/td>\n<\/tr>\n<tr style=\"height: 23px;\">\n<td style=\"width: 20%; height: 23px; border-style: solid; border-color: #000000; text-align: center;\">711025<\/td>\n<td style=\"width: 47.0969%; height: 23px; border-style: solid; border-color: #000000;\"><a href=\"http:\/\/sch\u00fctzenverein-bleichen.de\/\">SV Bleichen e.V.<\/a><\/td>\n<td style=\"width: 32.9031%; height: 23px; border-style: solid; border-color: #000000;\"><a href=\"mailto:711025.schuetzenmeister@)gau-krumbach.de\">Kober Georg<\/a><\/td>\n<\/tr>\n<tr style=\"height: 23px;\">\n<td style=\"width: 20%; height: 23px; border-style: solid; border-color: #000000; text-align: center;\">711026<\/td>\n<td style=\"width: 47.0969%; height: 23px; border-style: solid; border-color: #000000;\">SV Oberrohr e.V.<\/td>\n<td style=\"width: 32.9031%; height: 23px; border-style: solid; border-color: #000000;\">\n<p><a href=\"mailto:711026.schuetzenmeister@gau-krumbach.de\">Schuler Martin<\/a><\/p>\n<p><a href=\"711026.schuetzenmeister@gau-krumbach.de\">B\u00f6gle Cornelia<\/a><\/p>\n<p><a href=\"711026.schuetzenmeister@gau-krumbach.de\">Singer Markus<\/a><\/p>\n<\/td>\n<\/tr>\n<tr style=\"height: 23px;\">\n<td style=\"width: 20%; height: 23px; border-style: solid; border-color: #000000; text-align: center;\">711027<\/td>\n<td style=\"width: 47.0969%; height: 23px; border-style: solid; border-color: #000000;\"><a href=\"https:\/\/schuetzenclubthannhausen.beepworld.de\/\">Sch\u00fctzenclub Thannhausen e.V.<\/a><\/td>\n<td style=\"width: 32.9031%; height: 23px; border-style: solid; border-color: #000000;\"><a href=\"mailto:711027.schuetzenmeister@gau-krumbach.de\">Thoma Gisela<\/a><\/td>\n<\/tr>\n<tr style=\"height: 23px;\">\n<td style=\"width: 20%; height: 23px; border-style: solid; border-color: #000000; text-align: center;\">711030<\/td>\n<td style=\"width: 47.0969%; height: 23px; border-style: solid; border-color: #000000;\">SV 1884 Waltenhausen e.V.<\/td>\n<td style=\"width: 32.9031%; height: 23px; border-style: solid; border-color: #000000;\"><a href=\"mailto:711030.schuetzenmeister@gau-krumbach.de\">Dubovy Martin<\/a><\/td>\n<\/tr>\n<tr style=\"height: 23px;\">\n<td style=\"width: 20%; height: 23px; border-style: solid; border-color: #000000; text-align: center;\">711031<\/td>\n<td style=\"width: 47.0969%; height: 23px; border-style: solid; border-color: #000000;\"><a href=\"http:\/\/www.guenztalschuetzen.de\">G\u00fcnztalsch\u00fctzen Wattenweiler e.V.<\/a><\/td>\n<td style=\"width: 32.9031%; height: 23px; border-style: solid; border-color: #000000;\"><a href=\"mailto:711031.schuetzenmeister@gau-krumbach.de\">Mayer Franz<\/a><\/td>\n<\/tr>\n<tr style=\"height: 23px;\">\n<td style=\"width: 20%; height: 23px; border-style: solid; border-color: #000000; text-align: center;\">711032<\/td>\n<td style=\"width: 47.0969%; height: 23px; border-style: solid; border-color: #000000;\">SV Winzer F\u00e4hnlein e.V.<\/td>\n<td style=\"width: 32.9031%; height: 23px; border-style: solid; border-color: #000000;\"><a href=\"mailto:711032.schuetzenmeister@gau-krumbach.de\">Gerhard Lachenmayer<\/a><\/td>\n<\/tr>\n<tr style=\"height: 23px;\">\n<td style=\"width: 20%; height: 30px; border-style: solid; border-color: #000000; text-align: center;\">711033<\/td>\n<td style=\"width: 47.0969%; height: 30px; border-style: solid; border-color: #000000;\"><a href=\"https:\/\/www.schuetzenverein-ziemetshausen.de\">SV Ziemetshausen e.V.<\/a><\/td>\n<td style=\"width: 32.9031%; height: 30px; border-style: solid; border-color: #000000;\"><a href=\"http:\/\/Roth Sven\" error=\"true\" class=\"broken_link\">Sven Roth<\/a><\/td>\n<\/tr>\n<tr style=\"height: 23px;\">\n<td style=\"width: 20%; height: 23px; border-style: solid; border-color: #000000; text-align: center;\">711034<\/td>\n<td style=\"width: 47.0969%; height: 23px; border-style: solid; border-color: #000000;\">Sportverein 1948 Edelstetten e.V.<\/td>\n<td style=\"width: 32.9031%; height: 23px; border-style: solid; border-color: #000000;\"><a href=\"mailto:711034.schuetzenmeister@gau-krumbach.de\">Kiesel Anita<\/a><\/td>\n<\/tr>\n<tr style=\"height: 23px;\">\n<td style=\"width: 20%; height: 23px; border-style: solid; border-color: #000000; text-align: center;\">711035<\/td>\n<td style=\"width: 47.0969%; height: 23px; border-style: solid; border-color: #000000;\">SV Hubertus Uttenhaofen e.V.<\/td>\n<td style=\"width: 32.9031%; height: 23px; border-style: solid; border-color: #000000;\"><a href=\"mailto:711035.schuetzenmeister@gau-krumbach.de\">Maier Martin<\/a><\/td>\n<\/tr>\n<tr style=\"height: 23px;\">\n<td style=\"width: 20%; height: 23px; border-style: solid; border-color: #000000; text-align: center;\">711036<\/td>\n<td style=\"width: 47.0969%; height: 23px; border-style: solid; border-color: #000000;\"><a href=\"https:\/\/www.bsc-hohenraunau.de\">BSC Hohenraunau<\/a><\/td>\n<td style=\"width: 32.9031%; height: 23px; border-style: solid; border-color: #000000;\"><a href=\"mailto:711036.schuetzenmeister@gau-krumbach.de\">Schneider Peter<\/a><\/td>\n<\/tr>\n<tr style=\"height: 23px;\">\n<td style=\"width: 20%; height: 23px; border-style: solid; border-color: #000000; text-align: center;\">711037<\/td>\n<td style=\"width: 47.0969%; height: 23px; border-style: solid; border-color: #000000;\">SV Adler Weiler e.V.<\/td>\n<td style=\"width: 32.9031%; height: 23px; border-style: solid; border-color: #000000;\"><a href=\"mailto:711037.schuetzenmeister@gau-krumbach.de\">Hiller Stefan<\/a><\/td>\n<\/tr>\n<tr style=\"height: 23px;\">\n<td style=\"width: 20%; height: 23px; border-style: solid; border-color: #000000; text-align: center;\">711038<\/td>\n<td style=\"width: 47.0969%; height: 23px; border-style: solid; border-color: #000000;\"><a href=\"https:\/\/www.wtc-thannhausen.de\">WTC Thannhausen e.V.<\/a><\/td>\n<td style=\"width: 32.9031%; height: 23px; border-style: solid; border-color: #000000;\"><a href=\"mailto:711038.schuetzenmeistet@gau-krumbach.de\">Peragovics Karl-Heinz<\/a><\/td>\n<\/tr>\n<tr style=\"height: 23px;\">\n<td style=\"width: 20%; height: 23px; border-style: solid; border-color: #000000; text-align: center;\">711039<\/td>\n<td style=\"width: 47.0969%; height: 23px; border-style: solid; border-color: #000000;\"><a href=\"https:\/\/www.google.de\/url?sa=t&amp;rct=j&amp;q=&amp;esrc=s&amp;source=web&amp;cd=1&amp;cad=rja&amp;uact=8&amp;ved=2ahUKEwjgnu-lqfvlAhUt4aYKHbQvASIQFjAAegQIARAC&amp;url=http%3A%2F%2Fwww.feuerstutzenschuetzen.de%2F&amp;usg=AOvVaw30Ob_5EuP8kcNfgTVy148o\">Feuerstutzensch\u00fctzen 2000 Kammeltal e.V.<\/a><\/td>\n<td style=\"width: 32.9031%; height: 23px; border-style: solid; border-color: #000000;\"><a href=\"mailto:711039.schuetzenmeister@gau-krumbach.de\">Scherer Kirstin<\/a><\/td>\n<\/tr>\n<tr style=\"height: 23px;\">\n<td style=\"width: 20%; height: 23px;\">\u00a0<\/td>\n<td style=\"width: 47.0969%; height: 23px;\">\u00a0<\/td>\n<td style=\"width: 32.9031%; height: 23px;\">\u00a0<\/td>\n<\/tr>\n<tr style=\"height: 23px;\">\n<td style=\"width: 20%; height: 24px;\">\u00a0<\/td>\n<td style=\"width: 47.0969%; height: 24px;\">\u00a0<\/td>\n<td style=\"width: 32.9031%; height: 24px;\">\u00a0<\/td>\n<\/tr>\n<tr style=\"height: 23px;\">\n<td style=\"width: 20%; height: 23px;\">\u00a0<\/td>\n<td style=\"width: 47.0969%; height: 23px;\">\u00a0<\/td>\n<td style=\"width: 32.9031%; height: 23px;\">\u00a0<\/td>\n<\/tr>\n<tr style=\"height: 23px;\">\n<td style=\"width: 20%; height: 23px;\">\u00a0<\/td>\n<td style=\"width: 47.0969%; height: 23px;\">\u00a0<\/td>\n<td style=\"width: 32.9031%; height: 23px;\">\u00a0<\/td>\n<\/tr>\n<tr style=\"height: 23px;\">\n<td style=\"width: 20%; height: 23px;\">\u00a0<\/td>\n<td style=\"width: 47.0969%; height: 23px;\">\u00a0<\/td>\n<td style=\"width: 32.9031%; height: 23px;\">\u00a0<\/td>\n<\/tr>\n<tr style=\"height: 23px;\">\n<td style=\"width: 20%; height: 23px;\">\u00a0<\/td>\n<td style=\"width: 47.0969%; height: 23px;\">\u00a0<\/td>\n<td style=\"width: 32.9031%; height: 23px;\">\u00a0<\/td>\n<\/tr>\n<\/tbody>\n<\/table>\n<p>&#8220;\/&#8221;<\/p>\n\n\n\n<p><\/p>\n","protected":false},"excerpt":{"rendered":"<p>Vereinsnummer Vereinsname Ansprechperson 711001 SV Aichen e.V. Smetana Peter 711002 Schlo\u00dfbergsch\u00fctzen Aletshausen 1887 e.V. Schwegler Gabriele 711003 SV Edelwei\u00df Attenhausen e.V. Strobel Andreas 711004 SV Sch\u00fctzenblut Balzhausen e.V. Graf Franz 711005 SV Bayersried-Ursberg-Premach e.V.&#46;&#46;&#46;<\/p>\n","protected":false},"author":1,"featured_media":0,"parent":0,"menu_order":0,"comment_status":"closed","ping_status":"closed","template":"","meta":[],"_links":{"self":[{"href":"https:\/\/gau-krumbach.de\/index.php?rest_route=\/wp\/v2\/pages\/131"}],"collection":[{"href":"https:\/\/gau-krumbach.de\/index.php?rest_route=\/wp\/v2\/pages"}],"about":[{"href":"https:\/\/gau-krumbach.de\/index.php?rest_route=\/wp\/v2\/types\/page"}],"author":[{"embeddable":true,"href":"https:\/\/gau-krumbach.de\/index.php?rest_route=\/wp\/v2\/users\/1"}],"replies":[{"embeddable":true,"href":"https:\/\/gau-krumbach.de\/index.php?rest_route=%2Fwp%2Fv2%2Fcomments&post=131"}],"version-history":[{"count":44,"href":"https:\/\/gau-krumbach.de\/index.php?rest_route=\/wp\/v2\/pages\/131\/revisions"}],"predecessor-version":[{"id":1589,"href":"https:\/\/gau-krumbach.de\/index.php?rest_route=\/wp\/v2\/pages\/131\/revisions\/1589"}],"wp:attachment":[{"href":"https:\/\/gau-krumbach.de\/index.php?rest_route=%2Fwp%2Fv2%2Fmedia&parent=131"}],"curies":[{"name":"wp","href":"https:\/\/api.w.org\/{rel}","templated":true}]}}